{"id":2,"date":"2010-06-18T20:51:35","date_gmt":"2010-06-18T20:51:35","guid":{"rendered":"http:\/\/pj-blog.pl\/?page_id=2"},"modified":"2024-09-07T19:16:32","modified_gmt":"2024-09-07T18:16:32","slug":"about","status":"publish","type":"page","link":"https:\/\/pj-blog.pl\/?page_id=2","title":{"rendered":"O Mnie"},"content":{"rendered":"<p><img loading=\"lazy\" decoding=\"async\" src=\"https:\/\/pj-blog.pl\/wp-content\/uploads\/2024\/09\/FB-150x150.jpg\" alt=\"\" width=\"150\" height=\"150\" class=\"alignleft size-thumbnail wp-image-8754\" \/><img decoding=\"async\" src=\"https:\/\/pj-blog.pl\/wp-content\/uploads\/2024\/09\" alt=\"\" <span style=\"font-family: \n\n<p class=\"MsoNormal\" style=\"margin: 0cm 0cm 0pt;\"><span style=\"font-family: Georgia; color: #333333; font-size: 16pt;\">Pawe\u0142 Je\u017cewski. M\u00f3j zaw\u00f3d: <\/span><\/p>\n<p class=\"MsoNormal\" style=\"margin: 0cm 0cm 0pt;\"><span style=\"font-family: Georgia; color: #333333; font-size: 16pt;\"><br \/>\n1) mgr in\u017c. mechaniki i budowy maszyn energetycznych<br \/>\n2) ratownik wodny<br \/>\n3) przewodnik g\u00f3rski sudecki <\/span><\/p>\n<p class=\"MsoNormal\" style=\"margin: 0cm 0cm 0pt;\"><span style=\"font-family: Georgia; color: #333333; font-size: 16pt;\">\u00a0<\/span><\/p>\n<p class=\"MsoNormal\" style=\"margin: 0cm 0cm 0pt;\"><span style=\"font-family: Georgia; color: #333333; font-size: 16pt;\">Uko\u0144czone szko\u0142y:<\/span><\/p>\n<p class=\"MsoNormal\" style=\"margin: 0cm 0cm 0pt;\"><span style=\"font-family: Georgia; color: #333333; font-size: 16pt;\">\u00a0<\/span><\/p>\n<p class=\"MsoNormal\" style=\"margin: 0cm 0cm 0pt;\"><span style=\"font-family: Georgia; color: #333333; font-size: 16pt;\">Politechnika Wroc\u0142awska, Wydzia\u0142 Mechaniczno-Energetyczny, kierunek: mechanika i budowa maszyn, specjalno\u015b\u0107: termoenergetyka &#8211; uko\u0144czona w trybie dziennym (studia in\u017cynierskie).<\/span><\/p>\n<p class=\"MsoNormal\" style=\"margin: 0cm 0cm 0pt;\"><span style=\"font-family: Georgia; color: #333333; font-size: 16pt;\">\u00a0<\/span><\/p>\n<p class=\"MsoNormal\" style=\"margin: 0cm 0cm 0pt;\"><span style=\"font-family: Georgia; color: #333333; font-size: 16pt;\">Wa\u0142brzyska Wy\u017csza Szko\u0142a Zarz\u0105dzania i Przedsi\u0119biorczo\u015bci, specjalno\u015b\u0107: zarz\u0105dzanie strategiczne &#8211; uko\u0144czona w trybie zaocznym (studia magisterskie).<\/span><\/p>\n<p class=\"MsoNormal\" style=\"margin: 0cm 0cm 0pt;\"><span style=\"font-family: Georgia; color: #333333; font-size: 16pt;\">\u00a0<\/span><\/p>\n<p class=\"MsoNormal\" style=\"margin: 0cm 0cm 0pt;\"><span style=\"font-family: Georgia; color: #333333; font-size: 16pt;\">Prywatnie:<\/span><\/p>\n<p class=\"MsoNormal\" style=\"margin: 0cm 0cm 0pt;\"><span style=\"font-family: Georgia; color: #333333; font-size: 16pt;\">\u00a0<\/span><\/p>\n<p class=\"MsoNormal\" style=\"margin: 0cm 0cm 0pt;\"><span style=\"font-family: Georgia; color: #333333; font-size: 16pt; mso-fareast-font-family: 'Times New Roman'; mso-bidi-font-family: 'Times New Roman'; mso-ansi-language: PL; mso-fareast-language: PL; mso-bidi-language: AR-SA;\"> G\u00f3ry, jaskinie, eksploracja poniemieckich obiekt\u00f3w militarnych, kwerendy archiwalne, pisanie ksi\u0105\u017cek i artyku\u0142\u00f3w. <\/span><\/p>\n<p>&nbsp;<\/p>\n","protected":false},"excerpt":{"rendered":"","protected":false},"author":2,"featured_media":0,"parent":0,"menu_order":0,"comment_status":"open","ping_status":"closed","template":"","meta":{"ngg_post_thumbnail":0,"footnotes":""},"class_list":["post-2","page","type-page","status-publish","hentry"],"_links":{"self":[{"href":"https:\/\/pj-blog.pl\/index.php?rest_route=\/wp\/v2\/pages\/2","targetHints":{"allow":["GET"]}}],"collection":[{"href":"https:\/\/pj-blog.pl\/index.php?rest_route=\/wp\/v2\/pages"}],"about":[{"href":"https:\/\/pj-blog.pl\/index.php?rest_route=\/wp\/v2\/types\/page"}],"author":[{"embeddable":true,"href":"https:\/\/pj-blog.pl\/index.php?rest_route=\/wp\/v2\/users\/2"}],"replies":[{"embeddable":true,"href":"https:\/\/pj-blog.pl\/index.php?rest_route=%2Fwp%2Fv2%2Fcomments&post=2"}],"version-history":[{"count":20,"href":"https:\/\/pj-blog.pl\/index.php?rest_route=\/wp\/v2\/pages\/2\/revisions"}],"predecessor-version":[{"id":8758,"href":"https:\/\/pj-blog.pl\/index.php?rest_route=\/wp\/v2\/pages\/2\/revisions\/8758"}],"wp:attachment":[{"href":"https:\/\/pj-blog.pl\/index.php?rest_route=%2Fwp%2Fv2%2Fmedia&parent=2"}],"curies":[{"name":"wp","href":"https:\/\/api.w.org\/{rel}","templated":true}]}}